-9. Calculate the remainder when d(i) is divided by 11.
10
Let u = 4 + -2. Suppose 3*k - u = 118. Suppose w + k = 2*w. What is the remainder when w is divided by 14?
12
Suppose 0 = z - 2*z + 41. Let y = z + -28. What is the remainder when y is divided by 7?
6
Let x = -11 + 29. What is the remainder when 52 is divided by x?
16
Suppose -45 = -5*p + 65. Let z = p - 11. What is the remainder when z is divided by 3?
2
Let r(w) = 11*w**2. Let o be 296/16 + 2/4. Let a = -4 + o. What is the remainder when r(2) is divided by a?
14
Suppose -k = 4*k - 10. Let q(y) = -3*y + 2. Let j be q(k). What is the remainder when 10 is divided by (2 + j - -4)*2?
2
Suppose -4*n + 4*r = 104, -4*r + 9 = -n - 5. Let l = 101 + n. What is the remainder when l is divided by 24?
23
Let j(x) = -x**2 - 10*x - 12. What is the remainder when 7 is divided by j(-8)?
3
Calculate the remainder when ((-66)/8)/((-18)/96) is divided by 16.
12
Let v = 4 + 5. Suppose 0 = s - 0*s - 16. Calculate the remainder when s is divided by v.
7
Let l(p) = p**2 - 4*p + 56. Calculate the remainder when l(0) is divided by 22.
12
Suppose -z + 3*o + 45 = o, -5*o = 2*z - 99. Calculate the remainder when z is divided by 10.
7
Suppose 3*m = z + 2 + 1, m - 9 = 3*z. Let t = m - -3. What is the remainder when 9 is divided by t?
0
Let z = 10 - 8. Suppose 0 = z*q + 5 - 1. Calculate the remainder when 23 is divided by (-3)/q*(0 - -4).
5
Let n be (1 - (-1 + -1))/(-1). Calculate the remainder when 31 + (9/3)/n is divided by (-48)/(-9)*1*3.
14
Let f = 61 + -50. What is the remainder when 65 is divided by f?
10
Suppose 0 = -2*s + 6*s - 8. Suppose -4*f - 28 = -4*k, 3*k - 5*k - s*f = -22. Calculate the remainder when k is divided by 3.
0
Suppose 0 = 4*c + 3*a - 16, 2*c + 5 = c - 3*a. Suppose 2*r + 3*y - 2 = 0, -3*r - 4*y + 2 = y. What is the remainder when c is divided by r?
3
Suppose 1 = -5*u + 2*v, 3*v - 11 = -2*u - 0*v. Suppose 2*x + a + 0 = 3, 4*x = 2*a + 10. What is the remainder when (-1)/3*(x + -5) is divided by u?
0
Let s(y) = y**2 - 6*y - 2. Suppose n + 5*d + 18 = 0, 2*n + 3*d = 2*d + 9. Calculate the remainder when 13 is divided by s(n).
3
Let v = 102 - 97. What is the remainder when 34 is divided by v?
4
Let s be -22*4*(-2 + 1). Suppose 0*l + s = 4*l. Calculate the remainder when l is divided by 6.
4
Let y(r) = -r**3 - 16*r**2 - 2*r - 11. Calculate the remainder when y(-16) is divided by 18.
3
Let m(g) = g**3 - 12*g + 2. What is the remainder when m(4) is divided by 11?
7
Suppose -4*f = -385 + 101. Suppose 0 = -4*a + 17 + f. Calculate the remainder when a is divided by 8/3*(-60)/(-20).
6
Suppose w - 4 = -w. Suppose 2*u - 226 = -2*u + 3*r, -4*u + w*r = -228. What is the remainder when u is divided by 10?
8
Suppose 5*d - 490 - 442 = 2*t, 935 = 5*d - 5*t. What is the remainder when (-4)/6 - d/(-9) is divided by (14/4)/((-3)/(-6))?
6
Let y(i) = -i**3 - 2*i**2 - 4. Let j be y(-3). Suppose -2*u = -u - j. What is the remainder when u is divided by 2?
1
What is the remainder when -2 - (-5)/(-10)*-142 is divided by 14?
13
Let j(l) = -26*l - 39. What is the remainder when j(-6) is divided by 24?
21
Let c = -22 + 15. Let h(w) = -w - 3. What is the remainder when h(c) is divided by 3?
1
Let k = 54 + -14. Suppose -12 = 5*d - 82. What is the remainder when k is divided by d?
12
What is the remainder when 5 is divided by (-8)/3*24/(-16)?
1
Let v = 18 + -13. Suppose -4*f - 3*m = -117, v*f + 0*m = -4*m + 145. What is the remainder when 65 is divided by f?
32
Suppose 9*a = 14*a - 135. Calculate the remainder when a is divided by 10.
7
Let d = 57 - 31. What is the remainder when 101 is divided by d?
23
Let o(m) = -m - 5. Let h be ((-3)/6)/(1/(-6)). Let t = h - 2. What is the remainder when o(-6) is divided by t?
0
Suppose -565 = -8*q + 1083. Calculate the remainder when q is divided by 53.
47
Let m(a) = 3*a**2 - 18*a - 9. Calculate the remainder when 35 is divided by m(7).
11
Suppose -5*n + 4*k + 64 = -0*k, k - 35 = -3*n. Suppose 2*h + 3*h = 4*c + 209, 2*h = 4*c + 74. What is the remainder when h is divided by n?
9
Suppose -8 = -0*h - 4*h, 2*h + 44 = 4*o. Let w = o - 7. Let v = -40 + 43. What is the remainder when w is divided by v?
2
Let g(b) = 6*b + 9. What is the remainder when g(5) is divided by 7?
4
Let g = -118 + 140. Calculate the remainder when 108 is divided by g.
20
Suppose -4*s + 0 = -12. Suppose s*m = 6*m - 39. What is the remainder when 24 is divided by m?
11
Suppose -2*y - 2*t - 11 - 31 = 0, 0 = y + 2*t + 16. Let c = -3 - y. What is the remainder when 91 is divided by c?
22
Let f(p) = -p + 2. What is the remainder when 22 is divided by f(-6)?
6
Suppose 2*k = k + 31. What is the remainder when 59 is divided by k?
28
Let z be (2/4)/(2/4). Calculate the remainder when 8/10*20/z is divided by 6.
4
Suppose r - 15 = -4*r. Suppose -q + r*q = 12. Calculate the remainder when 16 is divided by q.
4
Suppose 4 = o - 3. Calculate the remainder when (5 - o)*(-7)/2 is divided by 3.
1
Let h = -8 - -12. Suppose 2*j + j + 248 = h*l, l - 45 = 5*j. Calculate the remainder when l is divided by 22.
21
Suppose -4*u + 11 = -9. Suppose 1 + 4 = u*i, 5*i = -5*v + 50. Calculate the remainder when 21 is divided by (2 - 0/1) + v.
10
Let s be (4/6)/((-2)/(-6)). Suppose s*g = 3 + 19. What is the remainder when 1/(-2*2/(-124)) is divided by g?
9
Suppose -q = -3*q + 1530. Suppose -5*d + q = 225. Suppose 12 = -4*o, 3*o + o - d = -4*l. Calculate the remainder when l is divided by 8.
6
Let t(g) = -g**2 + 9*g - 4. Suppose 31 + 4 = 5*w. Suppose 3*j - 57 = 4*f + f, 0 = 2*j + 4*f - 38. Calculate the remainder when j is divided by t(w).
9
Let g = 26 + -10. What is the remainder when 28 is divided by g?
12
What is the remainder when 29 + 1/(4/8) is divided by 16?
15
Let l = 35 - 30. What is the remainder when 17 is divided by l?
2
Let s(r) = -4*r + 8. What is the remainder when s(-6) is divided by 12?
8
Let g(h) = -h**3 - h**2 + 3*h + 1. Suppose -6 = -5*b + 94. Calculate the remainder when g(-4) is divided by b.
17
Suppose -4*c = 4*j - 72, -5*c - j + 4*j = -122. Suppose -2*t + 65 = -19. Calculate the remainder when t is divided by c.
20
Suppose 2*k + t - 31 = 0, -3*k = -5*k - 3*t + 41. Calculate the remainder when k is divided by 7.
6
Let v = -35 - -51. Let m = 62 + -23. What is the remainder when m is divided by v - (-7 + 1)/(-3)?
11
Let p = -45 - -65. Let u = 246 + -235. What is the remainder when p is divided by u?
9
Let x(m) = m**2 - 6*m + 5. Let h be x(5). Suppose -t = -6 - h. Calculate the remainder when 10 is divided by t.
4
Suppose 108 = -6*i + 696. What is the remainder when i is divided by 20?
18
Suppose -2*n - 2*r = 1 + 3, -4*r = -4*n - 16. Let t be n/2 - (-5)/10. What is the remainder when 28 is divided by 31/2 + t/2?
13
Suppose 9*g - 125 = 4*g. What is the remainder when g is divided by 14?
11
Suppose -5*g = 2*k - 6 - 352, 4*g = -k + 284. What is the remainder when g is divided by 18?
16
Suppose 0 = -r - 4*r. Suppose -3*n - 61 = -5*m - r*n, 5*m + 4*n - 47 = 0. Calculate the remainder when 30 is divided by m.
8
Let q be 5/2*(-24)/(-20). Suppose -2*y + q*y - 28 = 0. What is the remainder when y is divided by 10?
8
Suppose -3*y = 2*y. Suppose y*u - 4*u = -176. What is the remainder when u is divided by 23?
21
Suppose -4*b = 0, 0 = 3*t - b + 2*b - 9. Calculate the remainder when t is divided by 1.
0
Let f = -117 + 202. Calculate the remainder when f is divided by 22.
19
Let v(z) = -37*z - 22. Let c(m) = 12*m + 7. Let n(d) = 7*c(d) + 2*v(d). What is the remainder when n(4) is divided by 23?
22
Suppose 5*o - m = -1025, -4*m + 2*m + 622 = -3*o. Let g = o - -349. Suppose 6*y = y + g. Calculate the remainder when y is divided by 15.
14
Calculate the remainder when (-2)/(-7) - 200/(-35) is divided by 5.
1
Let s(w) = -w**2 + 5*w - 2. Let o be s(3). Let t = -12 + 46. Calculate the remainder when t is divided by (1 + -2)/(o/(-72)).
16
Let g = -59 - -77. What is the remainder when g is divided by 5?
3
Let i(d) = -2*d**2 + 17*d + 11. Calculate the remainder when 74 is divided by i(8).
17
Let m = 1 - -3. Let h(v) = v**2 + 3*v - 1. Suppose -3*w - 5*q = -5*w + 38, 2*w + 5*q = 18. What is the remainder when h(m) is divided by w?
13
Suppose -127*k = -122*k - 195. Calculate the remainder when k is divided by 21.
18
Suppose 3*i - 2*i = -4*m + 25, -5*m + 4*i 